(j) = j**2 - 2*j + 1. What is the tens digit of x(7)?
3
Let k(j) = j**3 - 10*j**2 - j - 13. Let c be k(10). Let p be (-1)/(-3*2/(-24)). Let w = p - c. What is the tens digit of w?
1
Suppose 5*v - 44 = 111. What is the units digit of v?
1
Let m be (-270)/(-50) - 4/10. Let j = m - -5. What is the tens digit of j?
1
Suppose -5*c + 50 = -0*c. What is the units digit of c?
0
Let w(i) = -3*i - 1 + i**3 - 5 + 0*i + 4*i**2. What is the units digit of w(-4)?
6
Let y be 15 + 1/(3/(-6)). Suppose z - y = -0. Let c = z - 9. What is the units digit of c?
4
Suppose 4*j = 21 + 35. Suppose -q = q - j. What is the units digit of q?
7
Suppose -y + 15 = 2. Let v be 2 + (-1 - (1 + y)). Let f = -5 - v. What is the units digit of f?
8
Let u(q) = -q**2 - q + 1. Let p(a) = 7*a**2 + 12*a - 4. Let s(x) = p(x) + 6*u(x). Let r be s(-6). What is the units digit of r/6 + (-40)/(-6)?
7
Let s(h) be the first derivative of -h**4/4 - 5*h**3/3 + 5*h - 1. Let q be s(-5). Suppose -5*z + 50 = 3*c - 7*c, 10 = z + q*c. What is the units digit of z?
0
Let c(l) = -l**2 - 3*l + 5. Let s be c(-4). Suppose 5 - s = a. Suppose 2*p = 3*o + 18, -a*p = p + 3*o - 66. What is the tens digit of p?
1
Let n = -4 - -13. Let v(p) = p**2 - 10*p + 3. Let o be v(n). What is the units digit of 2/1 - (7 + o)?
1
Let x(q) = -2*q + 1. Let l(s) = s - 1. Let h(r) = 5*l(r) + 6*x(r). Let v be h(-4). Let p = v + -10. What is the tens digit of p?
1
Suppose -2*n - 2*n + 28 = 0. Suppose -10 - n = -u. What is the units digit of u?
7
Suppose 4*s - n + 1 = 0, 5*s + 3*n - 4*n = 0. Let j = 3 - s. What is the units digit of j?
2
Suppose 5*u - 344 = 3*h - 27, -3*h + 195 = 3*u. What is the units digit of u?
4
Let g(w) = -w**3 + 14. What is the tens digit of g(0)?
1
What is the tens digit of 24/(-18)*(-114)/4?
3
Suppose 3*z = 6*z - 3. What is the units digit of z?
1
Suppose 3*u - 4*g - 319 - 389 = 0, -g + 925 = 4*u. What is the tens digit of u?
3
Let m(j) = j**2 - 3*j + 2. Let i be m(1). Suppose -50 = -3*s - 5*d, 5*s + 3*d + 2*d - 80 = i. What is the units digit of s?
5
Suppose 4*o - h = -3, 2*o + h = 7*o + 5. Let x = o - -7. Suppose -2*f + x*f = 3*p + 12, 0 = f + 5*p - 22. What is the units digit of f?
7
Suppose 2*u - 3 = -5. Suppose -3*a - 13 = -5*o - 2, a - 7 = -o. Let d = u + o. What is the units digit of d?
3
Let s(o) = o**3 + 2*o**2 - 3*o + 5. Let f be s(-4). Let k = f - -25. Suppose 4*y - 76 = p, 3*y + p = -k + 60. What is the units digit of y?
8
Let b = 179 - 79. Suppose 0 = 5*p - 10*p + b. Let o = -3 + p. What is the tens digit of o?
1
Let o be (3 - 1)/((-14)/(-105)). Suppose 0 = -3*f + 4*f + o. Let x = -5 - f. What is the units digit of x?
0
Suppose 3*g - 4*s - 91 = 0, 0 = -3*g - 0*s - 2*s + 85. What is the tens digit of g?
2
Suppose 2*j + 13 = 3*j. Let s(x) = -x**2 + 15*x - 11. What is the units digit of s(j)?
5
What is the units digit of -3*((-565)/5 + -4)?
1
Suppose -4*n - n = -45. What is the units digit of n?
9
Suppose -4*m + b = -137, 4*b + 56 = 4*m - 72. What is the tens digit of m?
3
Suppose 4*l + 38 = -4*u + 130, 0 = -4*l + 20. What is the units digit of (-1)/(-3 - -1)*u?
9
Let c(x) = -6*x - 12. Suppose 0 = -12*k + 15*k + 18. What is the tens digit of c(k)?
2
Let k(i) = 2*i**2 - i - 2. Let m = 4 + -5. Let v = 3 + m. What is the units digit of k(v)?
4
Suppose 5*q - 387 = -3*m + 126, 2*m + 2*q = 338. What is the tens digit of m?
6
Let d be ((-5)/4)/(1/(-4)). Let f be 2/(2/d) - 1. Suppose f*s = 3*a + 18, 0*a = 5*s + 4*a - 7. What is the units digit of s?
3
Suppose -2*z + 3*z + 3 = 0. Let p(k) = 2*k**2 - 3*k + 4. What is the tens digit of p(z)?
3
Suppose 23*g - 26*g + 3*u = -912, g - 2*u = 309. What is the units digit of g?
9
Let q be (-2)/(-7) - 80/(-14). Let d(k) = 4*k + 4. What is the units digit of d(q)?
8
Let x(s) = s**3 + 5*s**2 + 5. Let f be x(-5). Suppose -6*y = -y - 2*c - 400, 5*y - c - 400 = 0. Suppose -j - y = -f*j. What is the units digit of j?
0
Suppose -q + 5*f + 37 = 0, -3*q = -q - 4*f - 56. What is the tens digit of q?
2
Let l(q) = 3*q**2 + q - 11. What is the units digit of l(-5)?
9
Suppose 0 = -i - 0*i - j + 184, 3*i + 5*j - 558 = 0. What is the units digit of i?
1
Suppose 0*m - 294 = -6*m. What is the units digit of m?
9
Let s = 10 - 3. What is the units digit of s?
7
Suppose -4*q + 120 = 5*n, q + 16 = n - 8. Let c = 13 - 9. Suppose c*x - n = 4*h, x + h - 6 = 2. What is the units digit of x?
7
Suppose -4*m - o = o - 8, 0 = -2*m + 2*o + 4. Suppose -3*h + m*t = -9, 5*h - h - 12 = -5*t. Suppose -h*z = -5*z + 32. What is the tens digit of z?
1
What is the units digit of (41/2 + 0)*(1 - -1)?
1
Suppose -3*h + 2*h + 4*r = 14, 5*h = 2*r + 2. Suppose -5*q - 2*i = -h*q + 9, -q - 16 = 5*i. What is the units digit of (-3)/(q + 1/4)?
4
Let a = 7 + -5. Suppose -2 = -a*u, -5*u - 22 = -v - 2*v. Suppose v = 2*m + m. What is the units digit of m?
3
Let z(y) = -y**2 + 17*y - 15. What is the tens digit of z(15)?
1
Let q be (3 - (-2)/2)*-8. What is the units digit of (1/2)/((-2)/q)?
8
Suppose 181 = 15*c + 31. What is the tens digit of c?
1
What is the tens digit of (-1412)/(-15) - 2/15?
9
Let m = 20 - 15. What is the units digit of m?
5
Let i = 84 - 19. What is the tens digit of i?
6
Let x(s) be the second derivative of 1/6*s**3 + 5/2*s**2 - 3*s + 0. What is the units digit of x(-4)?
1
Suppose -5*l + 4 = 2*v - 7, -4*v - 2*l - 2 = 0. Let z = v - -3. What is the units digit of z?
1
Suppose 3*c = 143 - 56. What is the tens digit of c?
2
Suppose 5*w - 155 = -0*w. What is the tens digit of w?
3
What is the tens digit of (-5 - -3)*-29*2/2?
5
Suppose -4*u = 4*n - 8, -3*u + 3*n + 2*n = -14. Suppose 4*i - 2*z = 104, i = u*i + 5*z - 52. What is the units digit of i?
6
Suppose -2*z = 3 + 3. Let d(h) = -h**3 - h**2 + 4*h. Let g be d(z). Suppose -3*n + n = -g. What is the units digit of n?
3
Let l = -36 - -87. What is the tens digit of l?
5
Let a be ((-8)/(-4))/((-2)/(-3)). Suppose 0 = -0*c - 4*c. Let y = a - c. What is the units digit of y?
3
What is the tens digit of (10 - -3 - -3) + (5 - 2)?
1
Let v be 4/10*(-50)/(-2). Suppose -a - v = -4*t, -3*t + t + 16 = 5*a. Suppose a - 1 = w. What is the units digit of w?
1
Suppose 3*m - 6*m = -3*l + 18, -m - 4*l = 16. Let q = m - -17. What is the units digit of q?
9
Suppose r + 6 = 3*r. Suppose 0 = r*a - 16 - 38. What is the units digit of a?
8
Let k = 4 + 0. Suppose k*a - 2*o - 44 = -4, 2*a - 40 = -4*o. What is the tens digit of a?
1
Let k(r) = -r**3 - 7*r**2 - 2*r + 4. Let y be k(-5). What is the units digit of (-100)/y - (-2)/9?
3
Let n(h) = 3*h + 2. Let k be n(-3). Let i = 11 + k. What is the units digit of i?
4
Let m(o) = -o**2 - 7*o - 6. Let p be m(-7). Let z(t) = -t - 2. What is the units digit of z(p)?
4
Let i(f) = -f**3 + f**2 + 3*f + 1. What is the tens digit of i(-3)?
2
Let j(q) = -13*q + 4. What is the units digit of j(-4)?
6
Let q = 0 + 0. Let m = q + -2. What is the units digit of (0 - 3)*m/2?
3
Suppose 53 = -5*l + 238. Let n = -15 + l. What is the units digit of n?
2
Suppose -3*m + 10 = -2. Let i(w) = -w**3 + 5*w**2 - 2. What is the units digit of i(m)?
4
Let f(i) = i + 41. What is the tens digit of f(23)?
6
Let r(v) = 39*v**2 + 3*v - 2. What is the tens digit of r(1)?
4
Let y(c) be the first derivative of c**2/2 + 18*c - 4. What is the units digit of y(0)?
8
Suppose -2*y = -4*y + 54. What is the tens digit of y?
2
Suppose 4*w - 287 - 181 = -4*v, -4*v - 612 = -5*w. What is the hundreds digit of w?
1
Suppose -4*c + 0*c + 80 = 0. What is the tens digit of c?
2
What is the units digit of (98/(-4) + (-4)/8)*-1?
5
Let o(q) = 26*q**2 + 2*q - 4. What is the hundreds digit of o(2)?
1
Let a be 2 - 16/(-6)*-3. Suppose 3*x + 52 = -f, -5*x - 3*f - 90 = 2*f. Let s = a - x. What is the units digit of s?
1
Let k be (-5)/(-10) - 1/2. Let a = 7 - k. Suppose 4*z = -4*v + 64, -2*v - 4*z = -a*z - 32. What is the units digit of v?
6
Let l(u) = -2*u**2 + u. Let i be l(-4). Let x be (1/3)/((-4)/i). Suppose m = 2*m + 3*n - 4, x*m - 32 = n. What is the units digit of m?
0
Suppose 0*p = -p + 3. Suppose p*r - 2*r = 3*u - 19, -37 = -5*u - r. What is the units digit of u?
7
Let b(u) = u**3 - 11*u**2 + 11*u - 3. Suppose 4*x + 56 = 4*l, 2*l - 4*x + 4 = 4*l. What is the units digit of b(l)?
7
Suppose 0 = -5*f + 3*i + i + 124, 4*f + 3*i = 124. Suppose 2*j - 5*j + f = 2*n, j - 2*n = 12. What is t